31 composite?
False
Is 4863497 a prime number?
False
Is 50999846351 a prime number?
False
Is 826254571 a prime number?
True
Is 18207043679 a prime number?
False
Is 640802623 prime?
True
Is 13570454785 composite?
True
Is 3913527557 a composite number?
True
Is 4064401601 a composite number?
True
Is 20057749287 composite?
True
Is 1985368886 prime?
False
Is 8376152307 prime?
False
Is 72707567147 prime?
False
Is 2478042097 a prime number?
True
Is 25346472427 a prime number?
False
Is 9066308647 composite?
True
Is 1556405723 composite?
False
Is 1022826271 composite?
False
Is 77571766163 prime?
True
Is 319431547 composite?
True
Is 435963089 a composite number?
False
Is 450386017 prime?
False
Is 8738878103 a prime number?
False
Is 17081611949 a composite number?
False
Is 15011265509 a composite number?
True
Is 28496603987 a prime number?
False
Is 624283339 a prime number?
False
Is 22030630121 a prime number?
True
Is 1231944361 prime?
True
Is 202945819 a composite number?
False
Is 1272023881 composite?
False
Is 819373 a composite number?
False
Is 15795025913 a prime number?
True
Is 1712768069 composite?
False
Is 3648894449 a prime number?
True
Is 374199399877 composite?
False
Is 3293238857 a composite number?
False
Is 1640300513 composite?
False
Is 485408149 a prime number?
True
Is 758849059 a composite number?
False
Is 564813493 prime?
True
Is 167784661441 composite?
False
Is 517606669 a prime number?
True
Is 562070413 composite?
False
Is 196945997 prime?
False
Is 5961567779 composite?
False
Is 15248512507 prime?
False
Is 63649447 composite?
True
Is 7866598607 a prime number?
False
Is 16572103 prime?
False
Is 35508116843 prime?
True
Is 1863490963 a prime number?
True
Is 10113477617 composite?
False
Is 10153590859 composite?
True
Is 25597571911 a composite number?
False
Is 63232823513 prime?
False
Is 5530270579 a prime number?
False
Is 69001887509 a composite number?
True
Is 901260181 a prime number?
False
Is 32137083697 composite?
False
Is 261760857289 prime?
False
Is 24136784437 a composite number?
True
Is 187315213 prime?
False
Is 4394453563 composite?
True
Is 663011851 prime?
False
Is 935955863 composite?
True
Is 832430437 composite?
False
Is 1809814697 a prime number?
True
Is 52344947 composite?
False
Is 619742231 prime?
True
Is 610398329 a prime number?
True
Is 7335323 prime?
False
Is 1647276091 a prime number?
True
Is 1136007629 a composite number?
False
Is 1365498874 a prime number?
False
Is 19280083409 a composite number?
True
Is 3145248922 a prime number?
False
Is 1025202889 a prime number?
False
Is 1103362061 a composite number?
False
Is 431541283 a composite number?
False
Is 61097732597 prime?
False
Is 6866248301 a composite number?
True
Is 11043377867 a prime number?
True
Is 13415564681 a composite number?
True
Is 1290499363 a composite number?
False
Is 883511887 composite?
False
Is 88374055219 a composite number?
False
Is 220280483 prime?
True
Is 48125821 a prime number?
False
Is 95179885499 a prime number?
True
Is 1745907671 a composite number?
False
Is 1321979491 a composite number?
True
Is 29021892203 composite?
True
Is 772652099 a composite number?
True
Is 614574929 prime?
True
Is 935973179 composite?
False
Is 3085020947 a composite number?
False
Is 26385798563 a prime number?
False
Is 38494139 a composite number?
False
Is 190782121 prime?
False
Is 75062562007 prime?
True
Is 1777323913 a composite number?
False
Is 137647183 composite?
False
Is 9623616043 a prime number?
False
Is 843048641 a prime number?
True
Is 263515741 composite?
True
Is 240974003 a prime number?
False
Is 489131339 composite?
False
Is 18749744719 composite?
False
Is 39990224479 a composite number?
False
Is 3424474777 prime?
True
Is 1626953279 a prime number?
False
Is 3738972151 prime?
True
Is 487441858 prime?
False
Is 93894544138 a prime number?
False
Is 2660098801 prime?
False
Is 17441260399 composite?
False
Is 62037980963 prime?
False
Is 2274155879 prime?
True
Is 31203147333 a composite number?
True
Is 2111637089 a prime number?
False
Is 70169257 a composite number?
False
Is 314368018337 prime?
False
Is 813095021 a prime number?
False
Is 28018049 composite?
True
Is 1312691693 prime?
True
Is 4653547277 a composite number?
True
Is 31072859449 prime?
True
Is 169000739 composite?
False
Is 1490763097 prime?
True
Is 52123403711 prime?
True
Is 55459920865 a composite number?
True
Is 1698409 a prime number?
True
Is 6204112847 a prime number?
False
Is 16611413669 prime?
False
Is 1216851589 a composite number?
False
Is 5895469 a prime number?
False
Is 3473666767 a composite number?
True
Is 27588002711 prime?
True
Is 2215015601 composite?
True
Is 858335063 composite?
True
Is 11421908321 prime?
True
Is 5326109794 a prime number?
False
Is 484123949 a composite number?
False
Is 6267450001 a composite number?
True
Is 15406035635 a prime number?
False
Is 71044875281 prime?
True
Is 49425796501 prime?
True
Is 207811663 a composite number?
False
Is 158071822231 prime?
False
Is 7162723091 a composite number?
False
Is 1306258771 a prime number?
False
Is 8591234089 a composite number?
True
Is 4614184811 a prime number?
True
Is 2976975343 prime?
True
Is 457883624623 a prime number?
True
Is 26620637117 composite?
False
Is 475644238 composite?
True
Is 15024954457 a prime number?
False
Is 857380399 composite?
True
Is 604280129 prime?
False
Is 2452437647 a prime number?
False
Is 35888534939 a prime number?
True
Is 2474774669 a prime number?
True
Is 4626887537 prime?
True
Is 9733844251 prime?
True
Is 66540679561 prime?
False
Is 583022431 prime?
False
Is 5300416691 composite?
False
Is 9202173557 a composite number?
True
Is 178067234242 a composite number?
True
Is 867315851 prime?
True
Is 659536447 composite?
False
Is 235999177 prime?
True
Is 624542929 a prime number?
True
Is 53077576089 prime?
False
Is 1231790107 a prime number?
False
Is 10386548723 prime?
True
Is 5957881991 a composite number?
False
Is 36688262609 a composite number?
False
Is 826615169 a prime number?
False
Is 42942305621 composite?
False
Is 278987473 prime?
False
Is 115950371 prime?
True
Is 34049322367 prime?
False
Is 20810497871 prime?
False
Is 68001444653 composite?
False
Is 647613731 a prime number?
False
Is 186093295 a composite number?
True
Is 2231189119 composite?
True
Is 33171966293 a composite number?
False
Is 2637724247 a composite number?
False
Is 4969547507 a composite number?
False
Is 3268378733 prime?
False
Is 63069649 a prime number?
True
Is 227533403 a composite number?
False
Is 81043498469 prime?
False
Is 614910781 prime?
True
Is 294853387 composite?
True
Is 254327561 a prime number?
True
Is 13618629599 prime?
False
Is 43606687535 composite?
True
Is 2535084977 a prime number?
False
Is 8767313363 a prime number?
True
Is 55997242373 a composite number?
False
Is 730872911 a composite number?
True
Is 10802920529 composite?
True
Is 8921109551 composite?
False
Is 12254647 a composite number?
True
Is 10882830967 composite?
False
Is 1289136721 composite?
True
Is 19362399233 a composite number?
False
Is 60677126833 a prime number?
False
Is 5297361529 prime?
False
Is 277057469 composite?
True
Is 132360241 prime?
False
Is 62335624781 a composite number?
True
Is 85417620347 composite?
False
Is 911936191 prime?
False
Is 173031329 prime?
True
Is 4948603883 prime?
True
Is 1650204737 prime?
False
Is 419480889 prime?
False
Is 289278058 a prime number?
False
Is 1168745021 composite?
True
Is 946992713 a composite number?
True
Is 330311459 composite?
False
Is 5271491921 a composite number?
False
Is 12022260391 composite?
True
Is 489139337 a prime number?
True
Is 959661319 prime?
False
Is 294927223 a composite number?
True
Is 10631122133 prime?
True
Is 3683919157 composite?
True
Is 2504851015 a prime number?
False
Is 5626806653 composite?
True
Is 12212115205 a composite number?
True
Is 1466113459 prime?
True
Is 51076315637 a composite number?
True
Is 1575537377 prime?
True
Is 1261353049 a composite number?
True
Is 712887971 a prime number?
True
Is 57046909901 a composite number?
False
Is 1417311221 a composite number?
True
Is 379911193 prime?
False
Is 3265258583 a composite number?
False
Is 184641101 a composite number?
True
Is 36063317 composite?
True
Is 1562877191 a composite number?
False
Is 657244421 composite?
False
Is